f y?
2
Let h = 628 + 584. What is the hundreds digit of h?
2
Let n be -1 - -10 - 5/15*-6. Suppose -10*k = -n*k + 126. What is the hundreds digit of k?
1
Let s(t) = -t + 6. Let r be 4*(-2)/(-2) + -1. Let o be s(r). Suppose -o*i + 60 + 122 = -x, -270 = -5*i - 5*x. What is the units digit of i?
9
Let l(n) = 18*n**2 - n - 3. Suppose 5*y - 12 = 9*y. What is the hundreds digit of l(y)?
1
Suppose -x = 4*o - 20, -5*o + 20 = -o + 4*x. Suppose -52 = -o*i + i. What is the tens digit of i?
1
Let n(r) = 21*r + 12. Let j be n(3). Suppose 978 = 7*u + j. What is the units digit of u?
9
Let d(a) = -9*a - 10. Let u(m) = -m - 1. Let t(p) = -d(p) - 2*u(p). What is the tens digit of t(8)?
0
Suppose -110*p + 109*p + 802 = 0. What is the tens digit of p?
0
Suppose 148*j = 163*j + 345. Let a be 552/21 + 4/(-14). Let y = j + a. What is the units digit of y?
3
Let u = -32 + 28. What is the tens digit of (-246)/u + 18/12?
6
Suppose -3*b = -5*b + 118. Suppose 0 = -5*c + b + 296. What is the units digit of c?
1
Let r(y) = 2*y**3 + 5*y**2 + 6*y + 3. What is the units digit of r(5)?
8
Let i = -1493 + 3579. What is the hundreds digit of i?
0
Let g be 24*(1 - (-14)/(-8)). What is the units digit of ((-96)/g)/(((-5)/(-12))/5)?
4
Suppose 0 = 5*a + 3 - 18. Suppose -3*z - f = 4*f - 62, a*z + 3*f - 60 = 0. What is the units digit of z?
9
Suppose -2*i = -5*s + 6970, -2*s + 5*i + 2504 = -263. What is the hundreds digit of s?
3
Suppose -15*u = 5*x - 14*u - 5276, 4*x - 2*u = 4218. What is the units digit of x?
5
Suppose 60633 + 138179 = 46*t. What is the tens digit of t?
2
Let u = -22 - -22. Let x be u + (-2 - -19*3). Suppose x = 4*t + t. What is the tens digit of t?
1
Let m(d) = 35*d - 4. Let a be m(4). Let z = -32 + a. What is the hundreds digit of z?
1
Let q = 28 - 24. Suppose 4*c = a - q*a + 124, 5*c - 2*a = 132. Let o = c + 23. What is the tens digit of o?
5
Let c(r) = -2368*r - 151. What is the hundreds digit of c(-1)?
2
Let p be -24 + 7 - (2 - 3). Let l be 0 + 1 + 208/p. Let u(n) = -n + 16. What is the tens digit of u(l)?
2
Let t(l) = 16*l + 42. What is the hundreds digit of t(20)?
3
Let u = 593 + -328. What is the tens digit of (u/(-10))/(1/(-2))?
5
Suppose 5*s = p + 32, 5*p + s = 13 - 43. What is the tens digit of p/(-21) + ((-1000)/3)/(-2)?
6
Let a = -14 + 13. Let l be a*(0 + -1) + -11. What is the units digit of ((-10)/3)/(l/105)?
5
Let m(q) = -q**3 + 9*q**2 + 8*q + 8. Let t(n) = n**3 + 6*n**2 - 2*n - 2. Let o be t(-6). Let i be m(o). Let s = 11 - i. What is the tens digit of s?
2
Suppose 3*b + 717 = 3*f, 466 = f + f + 2*b. What is the hundreds digit of f?
2
Suppose 2*a + 26 = 2*y, 3*y - 39 = -4*a + 6*a. Let n = 14 - y. Suppose 2*g = n - 5, 0 = 5*w - g - 62. What is the units digit of w?
2
Suppose -2*h - 2*f + 437 = -847, -5*h + 3230 = f. What is the tens digit of h?
4
Let d(u) be the second derivative of u**5/20 + u**4/2 + 2*u**3/3 - u**2/2 + 18*u. Let s = -8 + 4. What is the tens digit of d(s)?
1
Let m(b) = -12*b + 215. What is the units digit of m(-15)?
5
Let o = 5 + -2. Let h(f) = 2*f - 12. Let y be h(15). Suppose 0 = -0*r - o*r + y. What is the units digit of r?
6
Let c = 9 + -1. Let j(t) be the first derivative of -t**4/4 + 8*t**3/3 + t**2/2 + t - 3. What is the units digit of j(c)?
9
Suppose 0 = -2*y + 6, -18 = -5*c - 2*y - 2. Suppose -5*f + 5*m + 440 = 0, 0 = -5*f + m + c*m + 432. What is the units digit of f?
4
Let c = 23 - 26. What is the tens digit of 945/10 + c/(-6)?
9
Let f(q) = 2*q**2 + 10*q + 47. What is the tens digit of f(12)?
5
Suppose -d - 25 = 4*d, b - 3*d = 20. Suppose 3*o + 0*h - 78 = 4*h, -b*o = -3*h - 119. What is the units digit of o?
2
Let o = 1161 - 1692. What is the hundreds digit of o/((-12)/4) - 0?
1
Let b = -6 - -8. Suppose -3 = -b*c + c. What is the tens digit of 23 - (4 - c - 2)?
2
What is the hundreds digit of (-150 + 1 + -3)*28/(-8)?
5
Let m = 36 - 26. Suppose 3*g - m = -1. Suppose -2*a = 4*u - 42, 3*u - 34 = a - g*a. What is the units digit of u?
8
Let r(w) = 138*w - 142. What is the units digit of r(8)?
2
Suppose 4*y - 20 = 5*z, 4*y - 18 = 3*z - 6. Let h(b) = 5*b**2 + b - 2. What is the units digit of h(z)?
4
What is the tens digit of (157/2)/(37/74)?
5
Let b(t) = t - 35. Let w(v) = -v. Let f(o) = b(o) + 4*w(o). What is the units digit of f(-18)?
9
Suppose -3*c + 16 = -4*p + 4, 0 = -2*p. Let s be -2 + 0/(c - 1). Let w(l) = 7*l**2 - 2. What is the tens digit of w(s)?
2
Suppose -43 - 47 = -3*y. What is the tens digit of y?
3
Let d be (9/(-12))/((-5)/(-40)). Let m(a) = -a**3 - 7*a**2 - 7*a - 2. Let g be m(d). Suppose 27 = -g*u + 67. What is the tens digit of u?
1
Suppose 3 = -f - 2*z, -5 + 11 = f - z. Suppose -s + 207 = -5*q + 4*q, -203 = -s - f*q. What is the hundreds digit of s?
2
Suppose -22 = -6*w - 10. Suppose -6*i = -w*i - 20. Suppose -236 = -i*z - 31. What is the tens digit of z?
4
Suppose 0 = -2*u - 5*h + 1481, 42*h = 46*h + 12. What is the tens digit of u?
4
Let m = 42 - -108. What is the hundreds digit of m?
1
Suppose 0 = 3*z + 3*y - 963, -12*y + 14*y = 3*z - 978. What is the hundreds digit of z?
3
Let n(d) = -d**2 - 3*d + 4. Let m be n(-4). Let y be (2 + m - 1)*1. What is the units digit of y + (1 + 1 - -3)?
6
Suppose 53 = -4*w + b, 0*b + b = 2*w + 27. Let k = -10 - w. Suppose -7*f + k*f = -2*d + 44, -f = 4*d - 124. What is the tens digit of d?
3
Suppose -z = 2*z - 12. Let r = 7 - z. Let s = r + 16. What is the tens digit of s?
1
What is the hundreds digit of ((-2)/4 - 0)/(24/(-41664))?
8
Let a = -42 + 33. Let n(z) = z**3 + 10*z**2 + 3*z + 7. What is the tens digit of n(a)?
6
Suppose 0 = 2*c + 5*s - 446, -c = 2*s - 111 - 111. Let z = -94 + c. What is the hundreds digit of z?
1
Let o(b) be the second derivative of b**4/6 - 7*b**2/2 - b. Let g = -29 + 34. What is the units digit of o(g)?
3
Let m(d) = d**2 + 6*d + 224. What is the tens digit of m(0)?
2
Let v = -29 - -28. What is the units digit of (1 - v)/(2/71)?
1
Let h(k) = -21*k + 21. Let u(o) = -32*o + 32. Let x(n) = -7*h(n) + 5*u(n). Let d be x(-9). Suppose 6*r - d = r. What is the tens digit of r?
2
Suppose 5*x = -3*u + 953, -u = -22*x + 26*x - 306. What is the hundreds digit of u?
3
Let f(u) = 2*u**3 - 8*u**2 + 8*u + 35. What is the tens digit of f(9)?
1
Suppose 4*q = -4 + 12. Suppose 0 = 4*g + 4*h - 532, -3*g - q*h + 263 + 139 = 0. What is the tens digit of g?
3
Suppose 4*z + 23 = m - z, -4*z - 22 = -2*m. Suppose -m*a - 280 = -5*g, -8*g = -3*g + a - 280. What is the tens digit of g?
5
Suppose 20*d - 4504 = 12*d. What is the units digit of d?
3
Suppose 5*u - 4*s = 31 + 18, -3*u = 3*s - 51. Suppose u*n - 6*n = 483. What is the units digit of n?
9
Suppose 0 = -5*w - 374 - 936. What is the tens digit of w/(-12) - (-1)/6?
2
Let x(b) = -2*b**3 + b - 7*b**2 + 2 + 8*b + 0*b**2. Let p be x(-6). Suppose 2*o - p = -46. What is the tens digit of o?
4
What is the units digit of 13/((-26)/(-724)) + 6?
8
Suppose 55 + 13 = j. Let u = j + -42. Suppose 5*w - 126 = -u. What is the tens digit of w?
2
Let m be 0/1*(-2)/4. Suppose m = -c - c + 84. Suppose 0 = b + 14 - c. What is the tens digit of b?
2
Suppose -36 = 4*j + 4. Let f(o) = -o**2 - 18*o - 20. What is the tens digit of f(j)?
6
Suppose o + 51 = 4*u, -3*u + o = -7*u + 45. Suppose 0 = -u*z + 15*z - 801. What is the units digit of z?
7
Let g = 1021 - 524. What is the units digit of g?
7
Let f(l) = 2*l + 22. Let w be f(-10). Suppose w*r - 4*v + 73 = v, 5*r = -2*v - 110. What is the tens digit of (-4)/r + (-644)/(-24)?
2
Let r(i) be the third derivative of -i**4/8 - 3*i**3/2 + 3*i**2. Let v be r(-4). Suppose 62 = v*w - w. What is the units digit of w?
1
Let p(u) = u - 7. Let d be p(10). Suppose b + 23 = -2*k, 0 = -2*k - 2*b - d*b - 43. What is the units digit of k*(-8)/12 - 3?
3
Suppose 7*c + 320 = 75. Let b(t) = -t**3 - 8*t**2 + 10*t - 2. Let q be b(-9). Let d = q - c. What is the units digit of d?
4
Let p(o) = -377*o + 5. What is the hundreds digit of p(-1)?
3
Suppose 77480 = -37*a + 63*a. What is the units digit of a?
0
Let z(y) = -89*y - 41. What is the thousands digit of z(-15)?
1
Let s be (6 - 2) + -7 - -381. Suppose -4*b - 284 = 3*j, -5*b + 4*j = 2*j + s. Let c = b + 131. What is the tens digit of c?
5
Let f be 1/(-6) - 10*15/(-36). Suppose -5*y + 2*w = -305, -f*w - 153 = -5*y + 152. What is the units digit of y?
1
Suppose 4 = 2*z